+ -10. Let f = p + 111. Let i = f - 64. Calculate the highest common factor of i and 26.
13
Suppose -2*w + 33 = -3. Suppose 3*v - 3 - 3 = 3*s, -v - 3*s + w = 0. What is the highest common factor of v and 48?
6
Let b = -17 - -48. Suppose -6*g = -3*t - 2*g + 17, t = -5*g + b. Suppose -l - 4*l = -440. What is the highest common factor of l and t?
11
Suppose 2*y = r + 16, 30 = 4*y - 0*y - r. What is the greatest common divisor of 49 and y?
7
Suppose -28 = -3*d + 11. Let s = -6 + d. Calculate the highest common divisor of s and 49.
7
Let k be 12 + (2 - 1/1). Calculate the greatest common factor of k and 104.
13
Suppose -m + 17 = -53. Calculate the greatest common divisor of 14 and m.
14
Let l be 6/33 - (-62)/22. Suppose -37 = -4*g + l. Suppose -4*o - g = -38. Calculate the highest common factor of o and 21.
7
Let w = 4 - 1. Let l be (1*-3)/(w/(-5)). Calculate the highest common divisor of 15 and l.
5
Suppose 10 = 5*f - q - q, 4*f - q - 11 = 0. Suppose 4*s + 2*w - 16 = 0, -19 = -f*s + w + 9. Calculate the greatest common divisor of s and 4.
2
Let m(s) be the third derivative of -s**6/120 - s**5/20 + s**4/8 - s**3/6 + 3*s**2. Let g be m(-4). What is the greatest common divisor of 6 and g?
3
Let o = 6 + -3. Let x(b) = b**2 - 8*b + 1. Suppose -2*p - 12 = -l - 0*p, 2*l = 5*p + 26. Let g be x(l). What is the greatest common factor of o and g?
1
Let t be (-10)/(-2) + -2 - (-4 - 4). What is the greatest common factor of 121 and t?
11
Suppose -5*i + 19 + 51 = 0. Suppose 4*h = -h - 40. Let y be (h/(-10))/((-2)/(-385)). What is the highest common divisor of i and y?
14
Suppose -8*v = -4*v - 4*b - 1340, 0 = 3*v - 5*b - 997. Let t = v + -239. What is the highest common factor of t and 40?
20
Let v = 8 - 6. Let t be v/5 + (-9279)/(-15). Suppose 0 = -2*f - n + 309, -t = -4*f - 2*n - n. Calculate the greatest common factor of 14 and f.
14
Suppose 3*p = 3, 3*p + p - 28 = -b. Let v be 1 - ((-4)/2)/1. Suppose -v*h + 12 = h. What is the highest common divisor of b and h?
3
Suppose -4*r + g + 29 = 0, 3*r - 9 = -3*g + 9. What is the highest common factor of 14 and r?
7
Let l(t) = t**2 - 11*t + 15. Let z be l(10). Suppose 0 = -z*v + 28 + 232. Calculate the highest common divisor of 13 and v.
13
Let n = 81 - 57. What is the highest common divisor of n and 216?
24
Let o = -539 - -859. Suppose -120 = 4*a - o. What is the highest common divisor of 5 and a?
5
Suppose 0 = 4*v - 5 - 3. Suppose -b + v*y - 32 = -4*b, -2*b + y = -33. Calculate the highest common divisor of b and 42.
14
Let h = 53 - 52. Suppose 16 = 2*f + 2*a, -3*a + 6 = -f - 2. Calculate the greatest common factor of h and f.
1
Suppose -84 = 5*l - 34. Let y = -4 - l. Suppose c = 2*d - 33, 0 = -d + 6*d + 2*c - 96. Calculate the highest common divisor of y and d.
6
Suppose -t = -2*h + 7*h - 22, 0 = 2*h - 2*t - 4. Calculate the greatest common factor of 6 and h.
2
Suppose -2*h = h - 33. Suppose 4*o - 5*q = 3, 2*o - 3 = -0*o + q. Let r be 2/8*22*o. What is the greatest common divisor of r and h?
11
Let v(o) = -2*o + 6. Let g be 56/5 + 3/(-15). Let j(q) = -9*q + 31. Let r(a) = g*v(a) - 2*j(a). Let y be r(-3). What is the highest common factor of y and 16?
16
Let o(h) be the first derivative of 5/2*h**2 + 1/3*h**3 + 1 - 2*h. Let k be o(-7). Calculate the greatest common divisor of 4 and k.
4
Suppose 3 = 3*c - 2*c. Let s = 8 - -16. Let m = s + c. What is the highest common factor of m and 18?
9
Let n = 94 - 58. Calculate the highest common factor of 24 and n.
12
Let g be (-8)/(-1 - (-22)/23). Calculate the highest common divisor of 23 and g.
23
Let s(n) = 7*n**2 + 2*n - 1. Let d be s(1). Let p be ((-32)/(-12))/(1/24). What is the greatest common factor of d and p?
8
Let t(x) = 3*x. Let i be t(1). Let s(y) = -3*y + 12*y + 4 - i. Let o be s(6). What is the highest common divisor of 5 and o?
5
Let v = -34 + 64. Suppose -3*m - 2*m = -v. Let f(u) = u**2 - 9*u - 19. Let g be f(11). What is the highest common divisor of m and g?
3
Let o be (4/3)/(4/18). Let c be 10*(1/(-1) + 4). What is the highest common divisor of c and o?
6
Let t = -6 + 6. Let w be (-3 - 17)*(-1 - t). Calculate the highest common divisor of w and 8.
4
Suppose 5*q = q + 20. Suppose 2*r - 12 = -2*r. Suppose q*j - 5*f = 19 + 21, r*f = -3*j + 24. Calculate the greatest common divisor of 88 and j.
8
Suppose d - 33 = -l + 33, 0 = 4*l. Suppose d = 4*k + 2*j - 0*j, 3*k - 2*j - 67 = 0. Let q = -638 + 809. What is the highest common factor of q and k?
19
Let h(q) = -q + 1. Let k be h(-4). Calculate the highest common divisor of k and 40.
5
Let p be (1 + (-3)/(-4))*56. What is the highest common factor of p and 14?
14
Let l(b) = -b**2 - 3*b + 4. Let x(y) = -y**2. Let t be x(2). Let d be l(t). Let m be (d/2 - 1) + 29. Calculate the highest common divisor of 4 and m.
4
Suppose 3*i + 2 = 23. What is the highest common factor of 21 and i?
7
Let m(z) = -7*z - 3*z**3 + z**2 - 8 + 5*z**3 + 7*z**2 - 3*z**3. Let j be m(6). What is the greatest common divisor of j and 33?
11
Let m be (1 + -12 - -6)*66/(-10). What is the highest common divisor of 22 and m?
11
Suppose 4*l + m = 95, -4*l + 120 = 2*m - 6*m. Let j be 9975/38*(-4)/(-6). Calculate the greatest common factor of j and l.
25
Suppose -11*f - 22 = -12*f. What is the greatest common divisor of 22 and f?
22
Suppose 3*f - 35 = -2. Let l be (-6)/3 - (0 - 1). Let p be l/((-3)/(-3)) - -2. What is the greatest common divisor of p and f?
1
Suppose n - 6 = -2*n + 3*m, 0 = -4*m. Suppose 10 = -0*v - n*v, -d - 5*v = 17. Calculate the greatest common factor of d and 16.
8
Suppose p + 1 = -8. Let i = -6 - p. Suppose 0*z + z - 10 = -i*g, 4*z = -4*g + 56. Calculate the greatest common factor of 4 and z.
4
Suppose -5*p + 280 = 3*x + 2*x, 0 = 4*x - 2*p - 224. Let c be 3/12*4*14. What is the greatest common factor of x and c?
14
Let v be (-4)/14 - (-2106)/21. Suppose 4*g - v - 20 = 0. What is the greatest common divisor of g and 240?
30
Suppose -c - 25 = -6*c. Let q = c + 3. What is the greatest common factor of 24 and q?
8
Let o(p) = 4*p - 6. Let n be o(6). Let u = n + -16. What is the greatest common factor of 14 and u?
2
Let r be ((-56)/16)/(2/72*-1). Calculate the highest common divisor of r and 14.
14
Let z(t) = -t - 9. Let x be z(-9). Suppose -2*l = -18 - x. Suppose 3*d - l = 51. What is the greatest common factor of d and 10?
10
Suppose 0 = 4*l + 8, -20 = -3*r - 4*l + 26. Let c be ((-30)/r)/((-2)/12). Calculate the highest common factor of 70 and c.
10
Let m be -4*((0 - 2) + 6). Let p = m - -26. Calculate the greatest common divisor of p and 40.
10
Let a = -4 + 7. Calculate the greatest common divisor of a and 12.
3
Suppose -4 = -n - n. Let u = 7 - n. Calculate the greatest common divisor of 20 and u.
5
Suppose 2*z = -10, 2*v - 7 = 3*v + 2*z. Calculate the greatest common factor of v and 6.
3
Let c = 23 + 16. What is the highest common divisor of c and 13?
13
Suppose 0 = 2*p + 2*o - 186, -p = 4*p + 3*o - 463. What is the highest common factor of p and 23?
23
Suppose -10 + 190 = 6*b. Calculate the highest common divisor of 90 and b.
30
Let y(d) = -d**2 - 4*d + 8. Let r be y(-4). Calculate the highest common factor of 80 and r.
8
Let j = 27 - -1. Suppose 4*f + j = 2*i, f - 35 = -2*i - i. What is the greatest common factor of 12 and i?
12
Let c(l) = l**3 + 5*l**2 - 2*l + 2. Let w(p) = -p**3 - p**2 - p - 3. Let x be w(0). Let m be c(x). What is the highest common divisor of 13 and m?
13
Suppose 0 = 2*c - c - 16. Let q be (-2)/(1*(2 - 3)). Suppose 0 = k - 2*k + q. What is the greatest common divisor of c and k?
2
Let y be (-1 - 0)*72/2. Let q be 8/y - 994/(-18). What is the highest common divisor of 11 and q?
11
Let l be (-2)/16 - 2605/(-40). Suppose 5*w = l + 45. Calculate the greatest common factor of w and 33.
11
Let b = 169 + -114. Let c(w) = 21*w**2 + 2*w - 1. Let t be c(1). Calculate the greatest common divisor of b and t.
11
Let z be (-156)/(-20) - 6/(-30). What is the highest common divisor of 40 and z?
8
Let w(m) be the third derivative of m**6/120 + m**5/12 - m**4/8 + 5*m**2. Let h be w(-5). Calculate the greatest common factor of 45 and h.
15
Let k = 341 - 242. Calculate the highest common divisor of 11 and k.
11
Suppose 3 = -3*h + 30. Let s(f) = -f**3 - 3*f**2 + 4*f + 6. Let w be s(-5). What is the highest common factor of 